{"id":14,"date":"2015-08-10T13:42:01","date_gmt":"2015-08-10T12:42:01","guid":{"rendered":"http:\/\/cisgdb.fr\/?page_id=14"},"modified":"2025-08-21T22:04:24","modified_gmt":"2025-08-21T21:04:24","slug":"nous-contacter","status":"publish","type":"page","link":"http:\/\/cisgdb.fr\/?page_id=14","title":{"rendered":"Contactez-nous"},"content":{"rendered":"<h1>Remplissez notre formulaire :<\/h1>\n<h1 style=\"text-align: center;\"><a href=\"https:\/\/forms.gle\/F8EWrWR9PL2hYEeo7\">Formulaire \u00e0 remplir pour obtenir du soutien<\/a><\/h1>\n<h1>ou par mail \u00e0 l&#8217;adresse : <strong>contact@cisgdb.fr<\/strong><br \/>T\u00e9l : 01 69 25 99 45 &#8211; Mob : 06 51 847 845<\/h1>\n<p>ADRESSE ADMINISTRATIVE ET SIEGE SOCIAL :<\/p>\n<p>POLE ASSOCIATIF &#8211; CISGDB<\/p>\n<p>Cour du Donjon 91700 Ste Genevi\u00e8ve des Bois<\/p>\n<h1>LOCAL : 3 rue Anne Frank 91700 SGDB (RDC)<strong><br \/><\/strong><\/h1>\n<p>interphone Club CISGDB \/\u00a0<span style=\"color: #800080;\">ENTREE EN FACE DU PARC POUR ENFANTS DE LA RESIDENCE<\/span><\/p>\n\n\n<figure class=\"wp-block-image size-full is-style-default\"><a href=\"https:\/\/cisgdb.fr\/wp-content\/uploads\/2023\/09\/cisgdb_plan.png\"><img loading=\"lazy\" decoding=\"async\" width=\"927\" height=\"581\" src=\"https:\/\/cisgdb.fr\/wp-content\/uploads\/2023\/09\/cisgdb_plan.png\" alt=\"\" class=\"wp-image-2125\" srcset=\"http:\/\/cisgdb.fr\/wp-content\/uploads\/2023\/09\/cisgdb_plan.png 927w, http:\/\/cisgdb.fr\/wp-content\/uploads\/2023\/09\/cisgdb_plan-300x188.png 300w, http:\/\/cisgdb.fr\/wp-content\/uploads\/2023\/09\/cisgdb_plan-768x481.png 768w, http:\/\/cisgdb.fr\/wp-content\/uploads\/2023\/09\/cisgdb_plan-600x376.png 600w\" sizes=\"auto, (max-width: 927px) 100vw, 927px\" \/><\/a><\/figure>\n\n\n\n<p><\/p>\n","protected":false},"excerpt":{"rendered":"<p>Remplissez notre formulaire : Formulaire \u00e0 remplir pour obtenir du soutien ou par mail \u00e0 l&#8217;adresse : contact@cisgdb.frT\u00e9l : 01 69 25 99 45 &#8211; Mob : 06 51 847 845 ADRESSE ADMINISTRATIVE ET SIEGE SOCIAL : POLE ASSOCIATIF &#8211; CISGDB Cour du Donjon 91700 Ste Genevi\u00e8ve des Bois LOCAL : 3 rue Anne Frank [&hellip;]<\/p>\n","protected":false},"author":1,"featured_media":0,"parent":0,"menu_order":0,"comment_status":"closed","ping_status":"closed","template":"","meta":{"_s2mail":"yes","footnotes":""},"class_list":["post-14","page","type-page","status-publish","hentry"],"_links":{"self":[{"href":"http:\/\/cisgdb.fr\/index.php?rest_route=\/wp\/v2\/pages\/14","targetHints":{"allow":["GET"]}}],"collection":[{"href":"http:\/\/cisgdb.fr\/index.php?rest_route=\/wp\/v2\/pages"}],"about":[{"href":"http:\/\/cisgdb.fr\/index.php?rest_route=\/wp\/v2\/types\/page"}],"author":[{"embeddable":true,"href":"http:\/\/cisgdb.fr\/index.php?rest_route=\/wp\/v2\/users\/1"}],"replies":[{"embeddable":true,"href":"http:\/\/cisgdb.fr\/index.php?rest_route=%2Fwp%2Fv2%2Fcomments&post=14"}],"version-history":[{"count":19,"href":"http:\/\/cisgdb.fr\/index.php?rest_route=\/wp\/v2\/pages\/14\/revisions"}],"predecessor-version":[{"id":2244,"href":"http:\/\/cisgdb.fr\/index.php?rest_route=\/wp\/v2\/pages\/14\/revisions\/2244"}],"wp:attachment":[{"href":"http:\/\/cisgdb.fr\/index.php?rest_route=%2Fwp%2Fv2%2Fmedia&parent=14"}],"curies":[{"name":"wp","href":"https:\/\/api.w.org\/{rel}","templated":true}]}}