{"id":976,"date":"2017-03-29T16:26:39","date_gmt":"2017-03-29T15:26:39","guid":{"rendered":"http:\/\/cisgdb.fr\/?page_id=976"},"modified":"2025-08-26T12:23:13","modified_gmt":"2025-08-26T11:23:13","slug":"ordicafe","status":"publish","type":"page","link":"http:\/\/cisgdb.fr\/?page_id=976","title":{"rendered":"Ordi&#8217;Caf\u00e9"},"content":{"rendered":"\n<figure class=\"wp-block-image size-large\"><a href=\"http:\/\/cisgdb.fr\/wp-content\/uploads\/2017\/03\/cafe_clavier-1-e1756207365535.jpg\"><img loading=\"lazy\" decoding=\"async\" width=\"1024\" height=\"251\" src=\"http:\/\/cisgdb.fr\/wp-content\/uploads\/2017\/03\/cafe_clavier-1-e1756207365535-1024x251.jpg\" alt=\"\" class=\"wp-image-997\" srcset=\"http:\/\/cisgdb.fr\/wp-content\/uploads\/2017\/03\/cafe_clavier-1-e1756207365535-1024x251.jpg 1024w, http:\/\/cisgdb.fr\/wp-content\/uploads\/2017\/03\/cafe_clavier-1-e1756207365535-300x74.jpg 300w, http:\/\/cisgdb.fr\/wp-content\/uploads\/2017\/03\/cafe_clavier-1-e1756207365535-768x188.jpg 768w, http:\/\/cisgdb.fr\/wp-content\/uploads\/2017\/03\/cafe_clavier-1-e1756207365535.jpg 1040w\" sizes=\"auto, (max-width: 1024px) 100vw, 1024px\" \/><\/a><\/figure>\n\n\n<h2>Un moment convivial pour parler informatique !<\/h2>\n<p>Bonjour \u00e0 tous les adh\u00e9rents du club informatique,<\/p>\n<p>J&#8217;esp\u00e8re que vous allez bien.<\/p>\n<p>Nous sommes ravis de vous annoncer le lancement d&#8217;une s\u00e9rie d&#8217;\u00e9v\u00e9nements intitul\u00e9s &#8220;Ordi&#8217;Caf\u00e9&#8221;, o\u00f9 nous explorerons diff\u00e9rents th\u00e8mes passionnants de l&#8217;informatique et de la technologie. Ces rencontres se d\u00e9rouleront dans un environnement convivial et d\u00e9tendu, autour d&#8217;un bon caf\u00e9 ou d&#8217;un th\u00e9.<\/p>\n<p>Voici le programme des prochains &#8220;Ordi&#8217;Caf\u00e9&#8221; :<\/p>\n<h3>1. Cybers\u00e9curit\u00e9 : Prot\u00e9ger vos donn\u00e9es<\/h3>\n<p>Nous discuterons des meilleures pratiques pour s\u00e9curiser vos syst\u00e8mes, des derni\u00e8res menaces en ligne et des outils disponibles pour prot\u00e9ger vos donn\u00e9es.<\/p>\n<h3>2. Intelligence Artificielle : Les avanc\u00e9es et les applications<\/h3>\n<p>D\u00e9couvrez les derni\u00e8res avanc\u00e9es en intelligence artificielle, ses applications dans divers secteurs et les d\u00e9fis \u00e9thiques qu&#8217;elle pose.<\/p>\n<p>Pour des raisons d&#8217;organisation, merci de bien vouloir confirmer votre pr\u00e9sence \u00e0 chaque \u00e9v\u00e9nement avant la date limite indiqu\u00e9e.<\/p>\n<p>Nous fournirons le caf\u00e9 et le th\u00e9, alors n&#8217;h\u00e9sitez pas \u00e0 apporter vos questions, vos id\u00e9es et votre bonne humeur !<\/p>\n<p>Je suis convaincu que ces \u00e9changes seront enrichissants et b\u00e9n\u00e9fiques pour tous. J&#8217;ai h\u00e2te de vous y retrouver !<\/p>","protected":false},"excerpt":{"rendered":"<p>Un moment convivial pour parler informatique ! Bonjour \u00e0 tous les adh\u00e9rents du club informatique, J&#8217;esp\u00e8re que vous allez bien. Nous sommes ravis de vous annoncer le lancement d&#8217;une s\u00e9rie d&#8217;\u00e9v\u00e9nements intitul\u00e9s &#8220;Ordi&#8217;Caf\u00e9&#8221;, o\u00f9 nous explorerons diff\u00e9rents th\u00e8mes passionnants de l&#8217;informatique et de la technologie. Ces rencontres se d\u00e9rouleront dans un environnement convivial et d\u00e9tendu, [&hellip;]<\/p>\n","protected":false},"author":1,"featured_media":0,"parent":0,"menu_order":0,"comment_status":"closed","ping_status":"closed","template":"","meta":{"_s2mail":"yes","footnotes":""},"class_list":["post-976","page","type-page","status-publish","hentry"],"_links":{"self":[{"href":"http:\/\/cisgdb.fr\/index.php?rest_route=\/wp\/v2\/pages\/976","targetHints":{"allow":["GET"]}}],"collection":[{"href":"http:\/\/cisgdb.fr\/index.php?rest_route=\/wp\/v2\/pages"}],"about":[{"href":"http:\/\/cisgdb.fr\/index.php?rest_route=\/wp\/v2\/types\/page"}],"author":[{"embeddable":true,"href":"http:\/\/cisgdb.fr\/index.php?rest_route=\/wp\/v2\/users\/1"}],"replies":[{"embeddable":true,"href":"http:\/\/cisgdb.fr\/index.php?rest_route=%2Fwp%2Fv2%2Fcomments&post=976"}],"version-history":[{"count":7,"href":"http:\/\/cisgdb.fr\/index.php?rest_route=\/wp\/v2\/pages\/976\/revisions"}],"predecessor-version":[{"id":2334,"href":"http:\/\/cisgdb.fr\/index.php?rest_route=\/wp\/v2\/pages\/976\/revisions\/2334"}],"wp:attachment":[{"href":"http:\/\/cisgdb.fr\/index.php?rest_route=%2Fwp%2Fv2%2Fmedia&parent=976"}],"curies":[{"name":"wp","href":"https:\/\/api.w.org\/{rel}","templated":true}]}}