{"id":961,"date":"2025-08-26T16:09:00","date_gmt":"2025-08-26T15:09:00","guid":{"rendered":"http:\/\/cisgdb.fr\/?page_id=961"},"modified":"2025-09-05T21:55:08","modified_gmt":"2025-09-05T20:55:08","slug":"home","status":"publish","type":"page","link":"https:\/\/cisgdb.fr\/?page_id=961","title":{"rendered":"Accueil"},"content":{"rendered":"\n<p class=\"has-text-align-center\"><strong>D\u00e9couvrez, apprenez et partagez avec le Club Informatique de Sainte-Genevi\u00e8ve-des-bois !<\/strong><\/p>\n\n\n\n<p>Passionn\u00e9\u00b7e d\u2019informatique, d\u00e9butant\u00b7e ou simplement curieux\u00b7se ? Le <strong>Club Informatique<\/strong> vous ouvre ses portes toute l\u2019ann\u00e9e pour des <strong>ateliers vari\u00e9s<\/strong> et des <strong>sessions de d\u00e9couverte<\/strong> adapt\u00e9es \u00e0 tous les niveaux. Que vous souhaitiez ma\u00eetriser les bases, explorer la programmation, d\u00e9couvrir les outils num\u00e9riques ou \u00e9changer autour de projets innovants, nos animations sont con\u00e7ues pour vous accompagner dans votre apprentissage, dans une ambiance conviviale et bienveillante.<\/p>\n\n\n\n<p><strong>En 2025 : <\/strong><\/p>\n\n\n\n<ul class=\"wp-block-list\">\n<li>Des ateliers r\u00e9guliers pour progresser \u00e0 votre rythme \n<ul class=\"wp-block-list\">\n<li><strong>Initiation<\/strong> (samedi apr\u00e8s-midi)<\/li>\n\n\n\n<li><strong>Perfectionnement\/Bureautique<\/strong> (lundi ou mardi matin)<\/li>\n\n\n\n<li><strong>Montage photo<\/strong> (jeudi)<\/li>\n<\/ul>\n<\/li>\n\n\n\n<li>Des sessions de d\u00e9couverte pour explorer de nouveaux horizons num\u00e9riques \n<ul class=\"wp-block-list\">\n<li><strong>Day-clics<\/strong> (les samedis)<\/li>\n\n\n\n<li><strong>G\u00e9nov\u00e9Kid<\/strong> (les samedis des vacances scolaires)<\/li>\n<\/ul>\n<\/li>\n\n\n\n<li>Des moments d\u2019\u00e9change et de partage entre membres \n<ul class=\"wp-block-list\">\n<li><strong>Ordi&#8217;Caf\u00e9<\/strong> (samedi matin)<\/li>\n\n\n\n<li><strong>G\u00e9nov\u00e9Lab<\/strong> (1 samedi par mois)<\/li>\n\n\n\n<li><strong>Meet-tic<\/strong> (2 samedis par an)<\/li>\n<\/ul>\n<\/li>\n<\/ul>\n\n\n\n<div class=\"wp-block-buttons is-content-justification-center is-layout-flex wp-container-core-buttons-is-layout-16018d1d wp-block-buttons-is-layout-flex\">\n<div class=\"wp-block-button\"><a class=\"wp-block-button__link has-text-align-center wp-element-button\" href=\"http:\/\/cisgdb.fr\/?page_id=661\">Allez \u00e0 l&#8217;Agenda<\/a><\/div>\n<\/div>\n\n\n\n<p><strong>Rejoignez-nous !<\/strong> Le club vit gr\u00e2ce \u00e0 l\u2019engagement de ses b\u00e9n\u00e9voles. Vous avez des comp\u00e9tences \u00e0 partager, un peu de temps ou simplement l\u2019envie de contribuer \u00e0 la vie du club ? <strong>Nous recherchons des b\u00e9n\u00e9voles<\/strong> pour animer des ateliers, accompagner les participants ou organiser des \u00e9v\u00e9nements. Votre aide est pr\u00e9cieuse pour faire vivre cette aventure collective.<\/p>\n\n\n<div class=\"wp-block-image\">\n<figure class=\"aligncenter size-large is-resized\"><a href=\"http:\/\/cisgdb.fr\/wp-content\/uploads\/2025\/08\/485140440_1095980339234977_1304431922363884909_n.jpg\"><img loading=\"lazy\" decoding=\"async\" width=\"1024\" height=\"759\" src=\"http:\/\/cisgdb.fr\/wp-content\/uploads\/2025\/08\/485140440_1095980339234977_1304431922363884909_n-1024x759.jpg\" alt=\"\" class=\"wp-image-2336\" style=\"width:383px;height:auto\" srcset=\"https:\/\/cisgdb.fr\/wp-content\/uploads\/2025\/08\/485140440_1095980339234977_1304431922363884909_n-1024x759.jpg 1024w, https:\/\/cisgdb.fr\/wp-content\/uploads\/2025\/08\/485140440_1095980339234977_1304431922363884909_n-300x222.jpg 300w, https:\/\/cisgdb.fr\/wp-content\/uploads\/2025\/08\/485140440_1095980339234977_1304431922363884909_n-768x569.jpg 768w, https:\/\/cisgdb.fr\/wp-content\/uploads\/2025\/08\/485140440_1095980339234977_1304431922363884909_n-1536x1138.jpg 1536w, https:\/\/cisgdb.fr\/wp-content\/uploads\/2025\/08\/485140440_1095980339234977_1304431922363884909_n.jpg 2048w\" sizes=\"auto, (max-width: 1024px) 100vw, 1024px\" \/><\/a><\/figure>\n<\/div>\n\n\n<p><strong>Inscrivez-vous d\u00e8s maintenant<\/strong> ou \u00e0 la f\u00eate des associations d\u00e9but septembre et venez vivre l\u2019informatique autrement, ensemble !<\/p>\n\n\n\n<hr class=\"wp-block-separator has-alpha-channel-opacity\"\/>\n\n\n\n<p>N\u2019h\u00e9sitez pas \u00e0 me dire si vous souhaitez ajouter ou modifier des \u00e9l\u00e9ments pour mieux correspondre \u00e0 l\u2019esprit du club !<\/p>\n","protected":false},"excerpt":{"rendered":"<p>D\u00e9couvrez, apprenez et partagez avec le Club Informatique de Sainte-Genevi\u00e8ve-des-bois ! Passionn\u00e9\u00b7e d\u2019informatique, d\u00e9butant\u00b7e ou simplement curieux\u00b7se ? Le Club Informatique vous ouvre ses portes toute l\u2019ann\u00e9e pour des ateliers vari\u00e9s et des sessions de d\u00e9couverte adapt\u00e9es \u00e0 tous les niveaux. Que vous souhaitiez ma\u00eetriser les bases, explorer la programmation, d\u00e9couvrir les outils num\u00e9riques ou [&hellip;]<\/p>\n","protected":false},"author":1,"featured_media":0,"parent":0,"menu_order":0,"comment_status":"closed","ping_status":"closed","template":"templates\/template-home.php","meta":{"_s2mail":"yes","footnotes":""},"class_list":["post-961","page","type-page","status-publish","hentry"],"_links":{"self":[{"href":"https:\/\/cisgdb.fr\/index.php?rest_route=\/wp\/v2\/pages\/961","targetHints":{"allow":["GET"]}}],"collection":[{"href":"https:\/\/cisgdb.fr\/index.php?rest_route=\/wp\/v2\/pages"}],"about":[{"href":"https:\/\/cisgdb.fr\/index.php?rest_route=\/wp\/v2\/types\/page"}],"author":[{"embeddable":true,"href":"https:\/\/cisgdb.fr\/index.php?rest_route=\/wp\/v2\/users\/1"}],"replies":[{"embeddable":true,"href":"https:\/\/cisgdb.fr\/index.php?rest_route=%2Fwp%2Fv2%2Fcomments&post=961"}],"version-history":[{"count":16,"href":"https:\/\/cisgdb.fr\/index.php?rest_route=\/wp\/v2\/pages\/961\/revisions"}],"predecessor-version":[{"id":2406,"href":"https:\/\/cisgdb.fr\/index.php?rest_route=\/wp\/v2\/pages\/961\/revisions\/2406"}],"wp:attachment":[{"href":"https:\/\/cisgdb.fr\/index.php?rest_route=%2Fwp%2Fv2%2Fmedia&parent=961"}],"curies":[{"name":"wp","href":"https:\/\/api.w.org\/{rel}","templated":true}]}}